z - 15*z. Is z a prime number?
False
Suppose 50*r = 48*r + 6. Suppose r*i = 7*i - 29644. Is i prime?
True
Let s = -100 + 102. Suppose s*h = 1075 + 13543. Is h prime?
True
Let a = 6 - -33. Suppose -4*b + a = 55. Is (-5901)/(-28) - 1/b a prime number?
True
Is (0 - 6) + 239063/(8 - -3) + 4 composite?
True
Suppose 199542 = 139*w + 108*w - 42271. Is w composite?
True
Let m(z) = 277*z**3 - 3*z**2 + 6*z - 26. Let j be m(5). Suppose -2*c = -5*i - j, 57*c - i + 86439 = 62*c. Is c prime?
False
Suppose 199*c = 5*l + 194*c - 69075, 4*l - 2*c - 55252 = 0. Is l prime?
False
Let t(u) = 20641*u - 14. Is t(3) a prime number?
True
Let m(c) = 11*c**2 + 16*c**2 - 6*c - 14 - 16*c - 26*c**2. Let b(t) = -t**3 - 5*t**2 + 9*t + 3. Let j be b(-6). Is m(j) a composite number?
False
Let g = -64 + 74. Suppose 0*q = -q - g. Let t(o) = o**3 + 11*o**2 + o - 1. Is t(q) a composite number?
False
Let t(v) = -17*v**3 - 29*v**2 - 43*v + 60. Is t(-25) a prime number?
False
Suppose 6*o = o + 25. Let p = 110 + -110. Suppose p*x - 137 = -b - 2*x, 5*b = o*x + 610. Is b composite?
False
Let r(x) = -4*x**2 - 2*x - 7. Let k(t) = 5*t**2 + t + 7. Let a(y) = 5*k(y) + 6*r(y). Let o be a(9). Suppose o = -7*n + 8*n. Is n a composite number?
False
Let n = 67 - 39. Let j be ((-3)/2)/((-7)/n). Suppose j*z - 147 = 183. Is z a prime number?
False
Suppose -340*h - 3591241 = -447*h. Is h prime?
True
Suppose -865 = 9*k - 10396. Suppose -2084 - k = -q. Is q a composite number?
True
Is (-25706)/1*(-13)/91*7 a prime number?
False
Is (2/(-8))/((-67)/9127276) prime?
True
Let i(b) = 9482*b + 167. Is i(15) a prime number?
False
Let k be -64*6/4 - -4. Let w = -17 - k. Let o = -4 + w. Is o a composite number?
False
Let k(v) = 77 + 52 - 53 + 183*v. Is k(6) prime?
False
Suppose -4*y = 2*d - 369794, -2*d + 275373 + 94425 = 2*y. Is d a prime number?
True
Let z(j) = -j**2 - 42*j - 149. Let h be z(-38). Suppose 0 = b - 4, 5 = i - h*b - 20. Is i composite?
False
Suppose -2*w + 2416 = -4*g, -1793 + 6635 = 4*w + 2*g. Let s(r) = 21*r**2 - r - 7. Let f be s(6). Let x = w - f. Is x composite?
False
Let t = -503 + 6378. Let r = -2684 + t. Is r prime?
True
Let d(u) = u**2 - 3 - 4 - 7*u - 4 + 13. Let q be d(8). Suppose q*c - 879 - 3911 = 0. Is c a composite number?
False
Suppose -10*a = -32 + 2. Suppose -2*z - 1047 = -d, -a*d - 1617 + 4718 = 4*z. Is d prime?
True
Is 4/((-56)/(-607462)) + 0 + 6/7 prime?
True
Suppose -6*j = -4 + 34. Let g(m) = 19*m**2 + 25*m - 1. Let f(a) = 6*a**2 + 8*a. Let w(q) = -8*f(q) + 3*g(q). Is w(j) composite?
False
Suppose -2987193 = -67*m + 34*m. Is m prime?
False
Suppose 0 = y - 2*i - 10, -4*y - 8 + 28 = -4*i. Is (-1)/(-5) + y - 125484/(-30) composite?
True
Suppose 5*u + 24499 = 2*l, 231*l - 233*l + 3*u + 24497 = 0. Is l a prime number?
False
Let g = -2248674 + 4003957. Is g composite?
True
Let g(u) = -56*u - 271 + 8*u + 23*u - 68*u - 80*u. Is g(-10) prime?
True
Let r be 32 + -34 - 154/(-2). Is (-6)/(-45) + -2 + 213065/r a prime number?
False
Suppose 3*f = 8945 + 4543. Suppose 3*z + z - f = 4*y, 5*z + 2*y - 5599 = 0. Is z a prime number?
False
Let b be 3/(-9) - 338/(-6). Let i(o) = 53*o - 296. Let u be i(5). Let y = u + b. Is y a composite number?
True
Let a = 71 - 134. Let w be (-4)/2 + a/9. Let l(r) = 5*r**2 - 14*r - 22. Is l(w) a prime number?
True
Let i = -7 + -4. Is (6 + -3 + -34)*i a composite number?
True
Let z(k) = 11735*k - 1021. Is z(54) composite?
False
Suppose 0*f - 30 = -5*f. Let d be (-9)/f*12/(-9). Suppose 0 = -4*p - 5*v + 78, 0*v = -2*p + d*v + 48. Is p a prime number?
False
Let y(p) = 6*p + 45. Let h be y(-7). Suppose -5*q + 34619 + 17538 = 4*d, -d + h*q = -13018. Is d a composite number?
False
Is 5 + (7062 + -11 - -1) a prime number?
True
Suppose 0 = -5*f - q + 628, -4*q = 9 - 1. Suppose -3*b + 2*d = -86, b = -4*b - d + f. Is (38 + 3)*b - -1 a prime number?
False
Is -15*5/(-900)*3250276 + (-4)/(-6) a composite number?
True
Is 1/(10 - (-640629)/(-64063)) a composite number?
False
Let i(a) = a**2 + 2*a + 4. Let o be i(-3). Suppose 61*c = 58*c + 660. Suppose -o*w = -11*w + c. Is w composite?
True
Suppose -137*a = 99*a - 208*a - 8494948. Is a a composite number?
True
Let t be ((-280)/(-21))/5 - (-1)/3. Suppose -2*h + t*h = 7994. Let n = 12549 - h. Is n a prime number?
False
Suppose -13*u + 10*u = -6009. Let q = u - -2856. Is q composite?
True
Suppose -142700 = 5*d - k, k + 73598 + 12014 = -3*d. Let x = -16028 - d. Is x prime?
True
Let v(l) = 275*l - 39. Let g(m) = -7425*m + 1055. Let q(x) = 2*g(x) + 55*v(x). Is q(12) composite?
True
Let n(i) = 172*i**2 + 55*i - 509. Is n(42) composite?
False
Let z(m) be the third derivative of -13/12*m**4 - 4*m**2 - 13/6*m**3 + 1/120*m**6 - 17/60*m**5 + 0 + 0*m. Is z(19) prime?
False
Let g(p) = -7826*p + 9. Let v be g(-4). Let s = -18071 + v. Suppose -7*t = -t - s. Is t composite?
False
Let u(v) = 2860*v**2 + 33*v + 115. Is u(-4) composite?
True
Suppose -d = -5*u - 50976 - 587697, d + 3*u - 638657 = 0. Is d a composite number?
False
Let a = 123747 - 86836. Is a a composite number?
True
Let s(j) = -1176*j - 87. Let t(x) = -x**3 - 31*x**2 + 68*x + 51. Let v be t(-33). Is s(v) prime?
False
Let h = -31318 - -132507. Is h prime?
False
Let j(c) = 10248*c - 12217. Is j(16) a prime number?
False
Let f(d) = d**3 + 23*d**2 + 42*d + 12. Let k be f(-17). Let b = 1990 - k. Is b prime?
False
Is 1/((-18)/(-1786018)) + (-198)/891 composite?
False
Suppose -q + 5*q = 2*m + 4282, 0 = q + m - 1063. Let v = q + -419. Is v a composite number?
True
Is 3 + -7 - (-1897578)/6 a prime number?
True
Let a = 38 + -28. Let q(f) = 154*f + 21. Is q(a) composite?
True
Let i(w) = -w**3 + w**2 - 9*w - 5. Let u be i(7). Suppose -3*s = 2*s - 3*b - 3596, 3*s - 2154 = 3*b. Let h = u + s. Is h a prime number?
True
Let y = -181930 - -284223. Is y prime?
True
Let b(n) = 34711*n + 4302. Is b(41) composite?
False
Suppose 9*n - 26 = 11*n. Let z be 2473/2 - ((-234)/12)/n. Let y = z - 684. Is y a prime number?
False
Let t = 46 - 44. Suppose t*w - 4 = j, j = -3*j - 3*w - 27. Is (892/j)/((-14)/21) composite?
False
Let u(g) = 6*g**3 - 42*g**2 + 2*g - 2. Let b be u(7). Is -13 + b + 2928/1 a composite number?
False
Suppose -2*b = -5*n - 196266, -4*b = -4*n - 430858 + 38350. Is b a composite number?
False
Suppose 34*q - 28*q = 36630. Let x = -2512 + q. Is x prime?
True
Let v be 13/(-26) + (-2)/(-4). Let w = 399 - 393. Suppose v = w*b - b - 5835. Is b composite?
True
Suppose 5*n - 17 = c, -5*n + 15 = 3*c - 14. Suppose -p = u - c*p - 2403, 4*u - 9660 = -4*p. Is u composite?
False
Let r = 7670 - 5787. Is r a prime number?
False
Let s(h) = 17*h**2 + 23*h - 25. Let g be s(-12). Suppose -2187 - 773 = 2*a. Let n = g + a. Is n composite?
True
Suppose 2*p = 2*w + 3*p - 43, -4*w + 3*p = -111. Let o be w*((-2)/(-3))/(8/1436). Suppose -4*d = 2*r - 6754, -5*r + o + 13992 = 3*d. Is r a prime number?
True
Let k be (14 + -16)*(-2)/4. Is k/((-15)/(-5))*-3*-1163 prime?
True
Let n be (-15 + 24)*(-20)/6. Let s be (n/9 - -4)*3. Is (13 - 11)*((-746)/(-4) + s) prime?
False
Let t(k) = 107*k**2 + 3*k - 9. Suppose -3*i - 14 = s, 0*s - 4*s = -i - 9. Is t(i) composite?
True
Let t be 18980/3 + (-6 - 16/(-3)). Suppose 8*m - t = 8882. Is m composite?
False
Let x(h) = 11*h**2 - 103*h - 547. Is x(66) prime?
False
Suppose -1765764 + 3717349 = 28*u - 10451043. Is u prime?
False
Let q(x) = 29452*x**2 - 1251*x - 7493. Is q(-6) a prime number?
False
Suppose 0 = 5*f - 8*f + 12. Let a(c) = c**3 + 42*c**2 - 9. Let d be a(-38). Suppose 3*p - 4319 = q - 5*q, f*p - d = 3*q. Is p prime?
False
Suppose 0 = -7*c + 34 + 22. Suppose -c*a = -2685 - 6827. Is a a prime number?
False
Let z be (2 - -7470)*276/48. Suppose -303*y - z = -307*y. Is y prime?
False
Suppose 2*i + 3*c - 117 = 0, 4*c + 2 = -18. Let z = i - 67. Is (-2 + z*571)*(-7)/21 a prime number?
True
Let s = -7858 + 41504. Is s composite?
True
Let h(i) = 4*i + 3. Let x be h(0). Suppose -2*b + 2*l = 5*l - 28292, -6 = -x*l. Is b prime?
True
Let l be 1 + 10 - (-4 + 0). Suppose -5 = -4*d + l. Suppose 0 = 4*n - 3*n - d*v - 552, -5*n + 2781 = -4*v. Is n a composite number?
False
Let u = 95703 - 67148. Is u prime?
False
Let r(a) = -a + 8. Suppose 0 = -0*w + w - 3. Let j be r(w). Suppose -j*t + 232 = -4293. Is t a composite number?
True
Let h(w) = -w**3 + 36*w**2 - 55*w - 434. Let s be h(34). Let g(m